e remainder when 773 is divided by 254?
11
Calculate the remainder when 287 is divided by 36.
35
Calculate the remainder when 314 is divided by 21.
20
Calculate the remainder when 357 is divided by 30.
27
What is the remainder when 200 is divided by 68?
64
What is the remainder when 753 is divided by 51?
39
What is the remainder when 489 is divided by 26?
21
Calculate the remainder when 1422 is divided by 25.
22
Calculate the remainder when 830 is divided by 38.
32
Calculate the remainder when 606 is divided by 122.
118
What is the remainder when 3776 is divided by 39?
32
Calculate the remainder when 2108 is divided by 111.
110
Calculate the remainder when 751 is divided by 147.
16
What is the remainder when 7 is divided by 6?
1
What is the remainder when 1479 is divided by 106?
101
Calculate the remainder when 1360 is divided by 75.
10
What is the remainder when 277 is divided by 58?
45
What is the remainder when 15 is divided by 3?
0
What is the remainder when 10779 is divided by 110?
109
Calculate the remainder when 822 is divided by 233.
123
What is the remainder when 1014 is divided by 507?
0
Calculate the remainder when 2573 is divided by 33.
32
Calculate the remainder when 19 is divided by 15.
4
Calculate the remainder when 5086 is divided by 76.
70
Calculate the remainder when 18199 is divided by 25.
24
What is the remainder when 198 is divided by 82?
34
What is the remainder when 116 is divided by 39?
38
What is the remainder when 1295 is divided by 19?
3
What is the remainder when 101 is divided by 73?
28
Calculate the remainder when 492 is divided by 26.
24
What is the remainder when 322 is divided by 4?
2
What is the remainder when 6190 is divided by 48?
46
Calculate the remainder when 34 is divided by 2.
0
What is the remainder when 73 is divided by 46?
27
Calculate the remainder when 358 is divided by 13.
7
What is the remainder when 1049 is divided by 6?
5
What is the remainder when 2774 is divided by 4?
2
What is the remainder when 1531 is divided by 196?
159
Calculate the remainder when 5052 is divided by 1680.
12
Calculate the remainder when 304 is divided by 95.
19
Calculate the remainder when 320 is divided by 41.
33
Calculate the remainder when 1236 is divided by 89.
79
Calculate the remainder when 110 is divided by 19.
15
Calculate the remainder when 65 is divided by 11.
10
Calculate the remainder when 375 is divided by 29.
27
Calculate the remainder when 549 is divided by 22.
21
Calculate the remainder when 804 is divided by 48.
36
What is the remainder when 242 is divided by 13?
8
What is the remainder when 402 is divided by 190?
22
What is the remainder when 376 is divided by 24?
16
What is the remainder when 4096 is divided by 2043?
10
What is the remainder when 6928 is divided by 165?
163
What is the remainder when 8741 is divided by 94?
93
What is the remainder when 1040 is divided by 116?
112
What is the remainder when 10220 is divided by 16?
12
Calculate the remainder when 739 is divided by 20.
19
What is the remainder when 1664 is divided by 323?
49
Calculate the remainder when 72 is divided by 25.
22
What is the remainder when 445 is divided by 350?
95
What is the remainder when 245 is divided by 97?
51
What is the remainder when 17167 is divided by 17?
14
Calculate the remainder when 2043 is divided by 186.
183
Calculate the remainder when 263 is divided by 70.
53
Calculate the remainder when 176 is divided by 13.
7
Calculate the remainder when 39 is divided by 20.
19
What is the remainder when 29 is divided by 9?
2
What is the remainder when 43 is divided by 3?
1
Calculate the remainder when 2896 is divided by 57.
46
What is the remainder when 351 is divided by 59?
56
Calculate the remainder when 619 is divided by 31.
30
Calculate the remainder when 718 is divided by 91.
81
What is the remainder when 734 is divided by 121?
8
What is the remainder when 985 is divided by 3?
1
What is the remainder when 137 is divided by 22?
5
Calculate the remainder when 412 is divided by 105.
97
What is the remainder when 1371 is divided by 28?
27
What is the remainder when 139 is divided by 97?
42
What is the remainder when 474 is divided by 30?
24
Calculate the remainder when 401 is divided by 67.
66
Calculate the remainder when 51 is divided by 27.
24
Calculate the remainder when 299 is divided by 155.
144
Calculate the remainder when 640 is divided by 34.
28
Calculate the remainder when 1969 is divided by 17.
14
Calculate the remainder when 135 is divided by 69.
66
What is the remainder when 693 is divided by 46?
3
What is the remainder when 492 is divided by 13?
11
Calculate the remainder when 14 is divided by 10.
4
Calculate the remainder when 549 is divided by 40.
29
What is the remainder when 123 is divided by 26?
19
What is the remainder when 86 is divided by 22?
20
Calculate the remainder when 2321 is divided by 25.
21
What is the remainder when 878 is divided by 182?
150
What is the remainder when 468 is divided by 56?
20
Calculate the remainder when 132 is divided by 43.
3
What is the remainder when 2665 is divided by 883?
16
Calculate the remainder when 298 is divided by 60.
58
What is the remainder when 1235 is divided by 181?
149
Calculate the remainder when 656 is divided by 312.
32
Calculate the remainder when 1065 is divided by 241.
101
What is the remainder when 122 is divided by 44?
34
Calculate the remainder when 636 is divided by 71.
68
What is the remainder when 187 is divided by 13?
5
Calculate the remainder when 5367 is divided by 5.
2
Calculate the remainder when 147 is divided by 43.
18
What is the remainder when 499 is divided by 72?
67
Calculate the remainder when 708 is divided by 141.
3
Calculate the remainder when 243 is divided by 83.
77
Calculate the remainder when 299 is divided by 97.
8
What is the remainder when 309 is divided by 24?
21
Calculate the remainder when 67 is divided by 12.
7
Calculate the remainder when 103 is divided by 39.
25
Calculate the remainder when 322 is divided by 55.
47
What is the remainder when 382 is divided by 202?
180
Calculate the remainder when 276 is divided by 89.
9
Calculate the remainder when 398 is divided by 81.
74
What is the remainder when 1609 is divided by 267?
7
Calculate the remainder when 94 is divided by 14.
10
Calculate the remainder when 8764 is divided by 137.
133
Calculate the remainder when 170 is divided by 25.
20
What is the remainder when 2049 is divided by 36?
33
Calculate the remainder when 203 is divided by 13.
8
Calculate the remainder when 112 is divided by 58.
54
What is the remainder when 749 is divided by 96?
77
What is the remainder when 1763 is divided by 84?
83
Calculate the remainder when 5984 is divided by 21.
20
Calculate the remainder when 102 is divided by 35.
32
What is the remainder when 21 is divided by 6?
3
Calculate the remainder when 56 is divided by 32.
24
What is the remainder when 594 is divided by 294?
6
What is the remainder when 1169 is divided by 78?
77
Calculate the remainder when 112 is divided by 19.
17
What is the remainder when 374 is divided by 94?
92
What is the remainder when 543 is divided by 32?
31
What is the remainder when 2676 is divided by 47?
44
Calculate the remainder when 1758 is divided by 17.
7
Calculate the remainder when 496 is divided by 129.
109
What is the remainder when 459 is divided by 76?
3
What is the remainder when 445 is divided by 28?
25
Calculate the remainder when 322 is divided by 86.
64
What is the remainder when 1313 is divided by 82?
1
What is the remainder when 1476 is divided by 95?
51
Calculate the remainder when 1308 is divided by 322.
20
What is the remainder when 644 is divided by 38?
36
What is the remainder when 675 is divided by 209?
48
Calculate the remainder when 58 is divided by 10.
8
What is the remainder when 483 is divided by 127?
102
Calculate the remainder when 240 is divided by 202.
38
Calculate the remainder when 29181 is divided by 6.
3
What is the remainder when 42 is divided by 9?
6
What is the remainder when 29 is divided by 20?
9
Calculate the remainder when 149 is divided by 15.
14
What is the remainder when 755 is divided by 186?
11
What is the remainder when 70 is divided by 37?
33
Calculate the remainder when 773 is divided by 203.
164
What 